{"id":2325,"date":"2022-02-23T01:23:55","date_gmt":"2022-02-23T04:23:55","guid":{"rendered":"http:\/\/apdea.com.ar\/web\/?page_id=2325"},"modified":"2026-04-29T18:16:58","modified_gmt":"2026-04-29T21:16:58","slug":"cartelera-apdea","status":"publish","type":"page","link":"https:\/\/apdea.com.ar\/web\/cartelera-apdea\/","title":{"rendered":"CARTELERA APDEA"},"content":{"rendered":"        <div class=\"rttpg-block-postgrid rttpg-block-wrapper rttpg-block-c142bc alignwide tpg-wrapper-align-left tpg-filter-type-dropdown section-title-style-style1 img_hover_animation_default title-default title_position_default title_hover_border_default meta_position_default tpg-is-author-icon-default author-image-visibility-icon tpg-category-position-default readmore-btn-default-style grid-hover-overlay-type-always grid-hover-overlay-height-default hover-overlay-height-default tpg-title-border-default title-alignment-center filter-nex-prev-btn-visible tpg-cat-style1 slider-scroll-hide act-label-style-inline\">\n            <div class=\"rt-container-fluid rt-tpg-container tpg-el-main-wrapper tpg-gutenberg clearfix grid-layout3-main\"\n                 id=\"rt-tpg-container-1156797940\"\n                 data-layout=\"grid-layout3\"\n                 data-grid-style=\"tpg-even\" data-sc-id=\"elementor\"\n                 data-el-settings=''\n                 data-el-query=''\n                 data-el-path=''>\n\t\t\t\t                <div class='tpg-header-wrapper '>\n\t\t\t\t\t                <\/div>\n\n                <div class=\"rt-row rt-content-loader gutenberg-inner grid-layout3 grid-behaviour tpg-even grid_layout_wrapper\">\n\t\t\t\t\t\n<div class=\"rt-col-md-4 rt-col-sm-6 rt-col-xs-12 default rt-grid-item\" data-id=\"4675\">\n\t<div class=\"rt-holder tpg-post-holder \">\n\t\t<div class=\"rt-detail rt-el-content-wrapper\">\n\t\t\t\t\t\t\t<div class=\"rt-img-holder tpg-el-image-wrap has-thumbnail\">\n\t\t\t\t\t<a data-id=\"4675\" href=\"https:\/\/apdea.com.ar\/web\/casamiento-a-la-fuerza\/\" class=\"tpg-post-link\" target=\"_self\">                        <img fetchpriority=\"high\" decoding=\"async\" src=\"https:\/\/apdea.com.ar\/web\/wp-content\/uploads\/2026\/05\/1000882354-300x300.jpg\"\n                             class=\"rt-img-responsive\"\n                             width=\"300\"\n                             height=\"300\"\n                             alt=\"CASAMIENTO A LA FUERZA&#8230;\">\n                        \n                            \n        <\/a>\n                <div class=\"overlay grid-hover-content\"><\/div>\n        \t\t\t\t<\/div>\n\t\t\t\n\n\t\t\t<div class=\"entry-title-wrapper\"><h3 class=\"entry-title\"><a data-id=\"4675\" href=\"https:\/\/apdea.com.ar\/web\/casamiento-a-la-fuerza\/\" class=\"tpg-post-link\" target=\"_self\">CASAMIENTO A LA FUERZA&#8230;<\/a><\/h3><\/div>\n\t\t\t\n\t\t\t\t\t\t\t<div class=\"tpg-excerpt tpg-el-excerpt\">\n\t\t\t\t\t\t\t\t\t\t\t<div class=\"tpg-excerpt-inner\">\n\t\t\t\t\t\t\tEl se\u00f1or Sganarelle, un hombre de 53 a\u00f1os, decide casarse con la joven y hermosa, Dorimena, para&#8230;\t\t\t\t\t\t<\/div>\n\t\t\t\t\t\t\t\t\t\t\t\t\t\t<\/div>\n\t\t\t\n\t\t\t        <div class=\"post-footer\">\n            <div class=\"post-footer\">\n                <div class=\"read-more\">\n                    <a data-id=\"4675\" href=\"https:\/\/apdea.com.ar\/web\/casamiento-a-la-fuerza\/\" class=\"tpg-post-link\" target=\"_self\">Ver detalles<\/a>                <\/div>\n            <\/div>\n        <\/div>\n        \t\t<\/div>\n\t<\/div>\n<\/div>\n\n<div class=\"rt-col-md-4 rt-col-sm-6 rt-col-xs-12 default rt-grid-item\" data-id=\"4671\">\n\t<div class=\"rt-holder tpg-post-holder \">\n\t\t<div class=\"rt-detail rt-el-content-wrapper\">\n\t\t\t\t\t\t\t<div class=\"rt-img-holder tpg-el-image-wrap has-thumbnail\">\n\t\t\t\t\t<a data-id=\"4671\" href=\"https:\/\/apdea.com.ar\/web\/metodo-thompson\/\" class=\"tpg-post-link\" target=\"_self\">                        <img decoding=\"async\" src=\"https:\/\/apdea.com.ar\/web\/wp-content\/uploads\/2026\/05\/Captura-de-pantalla-2026-05-12-a-las-3.14.26-p.-m-300x300.png\"\n                             class=\"rt-img-responsive\"\n                             width=\"300\"\n                             height=\"300\"\n                             alt=\"M\u00e9todo Thompson\">\n                        \n                            \n        <\/a>\n                <div class=\"overlay grid-hover-content\"><\/div>\n        \t\t\t\t<\/div>\n\t\t\t\n\n\t\t\t<div class=\"entry-title-wrapper\"><h3 class=\"entry-title\"><a data-id=\"4671\" href=\"https:\/\/apdea.com.ar\/web\/metodo-thompson\/\" class=\"tpg-post-link\" target=\"_self\">M\u00e9todo Thompson<\/a><\/h3><\/div>\n\t\t\t\n\t\t\t\t\t\t\t<div class=\"tpg-excerpt tpg-el-excerpt\">\n\t\t\t\t\t\t\t\t\t\t\t<div class=\"tpg-excerpt-inner\">\n\t\t\t\t\t\t\tSer madre es complicado, ser hija tambi\u00e9n: entre enredos y mentiras, Cecilia intenta encajar en el&#8230;\t\t\t\t\t\t<\/div>\n\t\t\t\t\t\t\t\t\t\t\t\t\t\t<\/div>\n\t\t\t\n\t\t\t        <div class=\"post-footer\">\n            <div class=\"post-footer\">\n                <div class=\"read-more\">\n                    <a data-id=\"4671\" href=\"https:\/\/apdea.com.ar\/web\/metodo-thompson\/\" class=\"tpg-post-link\" target=\"_self\">Ver detalles<\/a>                <\/div>\n            <\/div>\n        <\/div>\n        \t\t<\/div>\n\t<\/div>\n<\/div>\n\n<div class=\"rt-col-md-4 rt-col-sm-6 rt-col-xs-12 default rt-grid-item\" data-id=\"4667\">\n\t<div class=\"rt-holder tpg-post-holder \">\n\t\t<div class=\"rt-detail rt-el-content-wrapper\">\n\t\t\t\t\t\t\t<div class=\"rt-img-holder tpg-el-image-wrap has-thumbnail\">\n\t\t\t\t\t<a data-id=\"4667\" href=\"https:\/\/apdea.com.ar\/web\/gurka\/\" class=\"tpg-post-link\" target=\"_self\">                        <img decoding=\"async\" src=\"https:\/\/apdea.com.ar\/web\/wp-content\/uploads\/2026\/05\/1000876670-300x300.jpg\"\n                             class=\"rt-img-responsive\"\n                             width=\"300\"\n                             height=\"300\"\n                             alt=\"Gurka\">\n                        \n                            \n        <\/a>\n                <div class=\"overlay grid-hover-content\"><\/div>\n        \t\t\t\t<\/div>\n\t\t\t\n\n\t\t\t<div class=\"entry-title-wrapper\"><h3 class=\"entry-title\"><a data-id=\"4667\" href=\"https:\/\/apdea.com.ar\/web\/gurka\/\" class=\"tpg-post-link\" target=\"_self\">Gurka<\/a><\/h3><\/div>\n\t\t\t\n\t\t\t\t\t\t\t<div class=\"tpg-excerpt tpg-el-excerpt\">\n\t\t\t\t\t\t\t\t\t\t\t<div class=\"tpg-excerpt-inner\">\n\t\t\t\t\t\t\tEn el Arte y en el teatro, hay temas que no tienen tiempo. Que no se los puede relegar a una \u00e9poca o&#8230;\t\t\t\t\t\t<\/div>\n\t\t\t\t\t\t\t\t\t\t\t\t\t\t<\/div>\n\t\t\t\n\t\t\t        <div class=\"post-footer\">\n            <div class=\"post-footer\">\n                <div class=\"read-more\">\n                    <a data-id=\"4667\" href=\"https:\/\/apdea.com.ar\/web\/gurka\/\" class=\"tpg-post-link\" target=\"_self\">Ver detalles<\/a>                <\/div>\n            <\/div>\n        <\/div>\n        \t\t<\/div>\n\t<\/div>\n<\/div>\n\n<div class=\"rt-col-md-4 rt-col-sm-6 rt-col-xs-12 default rt-grid-item\" data-id=\"4663\">\n\t<div class=\"rt-holder tpg-post-holder \">\n\t\t<div class=\"rt-detail rt-el-content-wrapper\">\n\t\t\t\t\t\t\t<div class=\"rt-img-holder tpg-el-image-wrap has-thumbnail\">\n\t\t\t\t\t<a data-id=\"4663\" href=\"https:\/\/apdea.com.ar\/web\/el-sexo-en-cualquier-parte\/\" class=\"tpg-post-link\" target=\"_self\">                        <img loading=\"lazy\" decoding=\"async\" src=\"https:\/\/apdea.com.ar\/web\/wp-content\/uploads\/2026\/05\/Captura-de-pantalla-2026-05-11-a-las-5.59.48-p.-m-300x300.png\"\n                             class=\"rt-img-responsive\"\n                             width=\"300\"\n                             height=\"300\"\n                             alt=\"El sexo en cualquier parte\">\n                        \n                            \n        <\/a>\n                <div class=\"overlay grid-hover-content\"><\/div>\n        \t\t\t\t<\/div>\n\t\t\t\n\n\t\t\t<div class=\"entry-title-wrapper\"><h3 class=\"entry-title\"><a data-id=\"4663\" href=\"https:\/\/apdea.com.ar\/web\/el-sexo-en-cualquier-parte\/\" class=\"tpg-post-link\" target=\"_self\">El sexo en cualquier parte<\/a><\/h3><\/div>\n\t\t\t\n\t\t\t\t\t\t\t<div class=\"tpg-excerpt tpg-el-excerpt\">\n\t\t\t\t\t\t\t\t\t\t\t<div class=\"tpg-excerpt-inner\">\n\t\t\t\t\t\t\tA un jard\u00edn de infantes privado llega un d\u00eda una carta documento que altera el funcionamiento de la&#8230;\t\t\t\t\t\t<\/div>\n\t\t\t\t\t\t\t\t\t\t\t\t\t\t<\/div>\n\t\t\t\n\t\t\t        <div class=\"post-footer\">\n            <div class=\"post-footer\">\n                <div class=\"read-more\">\n                    <a data-id=\"4663\" href=\"https:\/\/apdea.com.ar\/web\/el-sexo-en-cualquier-parte\/\" class=\"tpg-post-link\" target=\"_self\">Ver detalles<\/a>                <\/div>\n            <\/div>\n        <\/div>\n        \t\t<\/div>\n\t<\/div>\n<\/div>\n\n<div class=\"rt-col-md-4 rt-col-sm-6 rt-col-xs-12 default rt-grid-item\" data-id=\"4659\">\n\t<div class=\"rt-holder tpg-post-holder \">\n\t\t<div class=\"rt-detail rt-el-content-wrapper\">\n\t\t\t\t\t\t\t<div class=\"rt-img-holder tpg-el-image-wrap has-thumbnail\">\n\t\t\t\t\t<a data-id=\"4659\" href=\"https:\/\/apdea.com.ar\/web\/cuando-el-chaja-canta-las-horas-2\/\" class=\"tpg-post-link\" target=\"_self\">                        <img loading=\"lazy\" decoding=\"async\" src=\"https:\/\/apdea.com.ar\/web\/wp-content\/uploads\/2026\/05\/CUADRADA-1-300x300.png\"\n                             class=\"rt-img-responsive\"\n                             width=\"300\"\n                             height=\"300\"\n                             alt=\"CUANDO EL CHAJ\u00c1 CANTA LAS HORAS\">\n                        \n                            \n        <\/a>\n                <div class=\"overlay grid-hover-content\"><\/div>\n        \t\t\t\t<\/div>\n\t\t\t\n\n\t\t\t<div class=\"entry-title-wrapper\"><h3 class=\"entry-title\"><a data-id=\"4659\" href=\"https:\/\/apdea.com.ar\/web\/cuando-el-chaja-canta-las-horas-2\/\" class=\"tpg-post-link\" target=\"_self\">CUANDO EL CHAJ\u00c1 CANTA LAS HORAS<\/a><\/h3><\/div>\n\t\t\t\n\t\t\t\t\t\t\t<div class=\"tpg-excerpt tpg-el-excerpt\">\n\t\t\t\t\t\t\t\t\t\t\t<div class=\"tpg-excerpt-inner\">\n\t\t\t\t\t\t\t\u00a0Tragedia rural que transcurre en la provincia de Buenos Aires, casi en el l\u00edmite del llamado&#8230;\t\t\t\t\t\t<\/div>\n\t\t\t\t\t\t\t\t\t\t\t\t\t\t<\/div>\n\t\t\t\n\t\t\t        <div class=\"post-footer\">\n            <div class=\"post-footer\">\n                <div class=\"read-more\">\n                    <a data-id=\"4659\" href=\"https:\/\/apdea.com.ar\/web\/cuando-el-chaja-canta-las-horas-2\/\" class=\"tpg-post-link\" target=\"_self\">Ver detalles<\/a>                <\/div>\n            <\/div>\n        <\/div>\n        \t\t<\/div>\n\t<\/div>\n<\/div>\n\n<div class=\"rt-col-md-4 rt-col-sm-6 rt-col-xs-12 default rt-grid-item\" data-id=\"4655\">\n\t<div class=\"rt-holder tpg-post-holder \">\n\t\t<div class=\"rt-detail rt-el-content-wrapper\">\n\t\t\t\t\t\t\t<div class=\"rt-img-holder tpg-el-image-wrap has-thumbnail\">\n\t\t\t\t\t<a data-id=\"4655\" href=\"https:\/\/apdea.com.ar\/web\/memoria-de-un-crepusculo\/\" class=\"tpg-post-link\" target=\"_self\">                        <img loading=\"lazy\" decoding=\"async\" src=\"https:\/\/apdea.com.ar\/web\/wp-content\/uploads\/2026\/05\/CUADRADA-300x300.png\"\n                             class=\"rt-img-responsive\"\n                             width=\"300\"\n                             height=\"300\"\n                             alt=\"APDEA-CARTELERA\">\n                        \n                            \n        <\/a>\n                <div class=\"overlay grid-hover-content\"><\/div>\n        \t\t\t\t<\/div>\n\t\t\t\n\n\t\t\t<div class=\"entry-title-wrapper\"><h3 class=\"entry-title\"><a data-id=\"4655\" href=\"https:\/\/apdea.com.ar\/web\/memoria-de-un-crepusculo\/\" class=\"tpg-post-link\" target=\"_self\">Memoria de un crep\u00fasculo<\/a><\/h3><\/div>\n\t\t\t\n\t\t\t\t\t\t\t<div class=\"tpg-excerpt tpg-el-excerpt\">\n\t\t\t\t\t\t\t\t\t\t\t<div class=\"tpg-excerpt-inner\">\n\t\t\t\t\t\t\tJuan y Magui se reencuentran ante la posibilidad de una segunda oportunidad. Dos vidas unidas en el&#8230;\t\t\t\t\t\t<\/div>\n\t\t\t\t\t\t\t\t\t\t\t\t\t\t<\/div>\n\t\t\t\n\t\t\t        <div class=\"post-footer\">\n            <div class=\"post-footer\">\n                <div class=\"read-more\">\n                    <a data-id=\"4655\" href=\"https:\/\/apdea.com.ar\/web\/memoria-de-un-crepusculo\/\" class=\"tpg-post-link\" target=\"_self\">Ver detalles<\/a>                <\/div>\n            <\/div>\n        <\/div>\n        \t\t<\/div>\n\t<\/div>\n<\/div>\n\n<div class=\"rt-col-md-4 rt-col-sm-6 rt-col-xs-12 default rt-grid-item\" data-id=\"4643\">\n\t<div class=\"rt-holder tpg-post-holder \">\n\t\t<div class=\"rt-detail rt-el-content-wrapper\">\n\t\t\t\t\t\t\t<div class=\"rt-img-holder tpg-el-image-wrap has-thumbnail\">\n\t\t\t\t\t<a data-id=\"4643\" href=\"https:\/\/apdea.com.ar\/web\/marunica-reportaje-a-una-pintora-espanola\/\" class=\"tpg-post-link\" target=\"_self\">                        <img loading=\"lazy\" decoding=\"async\" src=\"https:\/\/apdea.com.ar\/web\/wp-content\/uploads\/2026\/05\/Marunica-foto-achicada-300x300.jpg\"\n                             class=\"rt-img-responsive\"\n                             width=\"300\"\n                             height=\"300\"\n                             alt=\"MAR\u00daNICA. REPORTAJE A UNA PINTORA ESPA\u00d1OLA\">\n                        \n                            \n        <\/a>\n                <div class=\"overlay grid-hover-content\"><\/div>\n        \t\t\t\t<\/div>\n\t\t\t\n\n\t\t\t<div class=\"entry-title-wrapper\"><h3 class=\"entry-title\"><a data-id=\"4643\" href=\"https:\/\/apdea.com.ar\/web\/marunica-reportaje-a-una-pintora-espanola\/\" class=\"tpg-post-link\" target=\"_self\">MAR\u00daNICA. REPORTAJE A UNA PINTORA ESPA\u00d1OLA<\/a><\/h3><\/div>\n\t\t\t\n\t\t\t\t\t\t\t<div class=\"tpg-excerpt tpg-el-excerpt\">\n\t\t\t\t\t\t\t\t\t\t\t<div class=\"tpg-excerpt-inner\">\n\t\t\t\t\t\t\tEl espect\u00e1culo tiene el objetivo de poner de relieve la singular figura de Maruja Mallo (1902-1995)&#8230;\t\t\t\t\t\t<\/div>\n\t\t\t\t\t\t\t\t\t\t\t\t\t\t<\/div>\n\t\t\t\n\t\t\t        <div class=\"post-footer\">\n            <div class=\"post-footer\">\n                <div class=\"read-more\">\n                    <a data-id=\"4643\" href=\"https:\/\/apdea.com.ar\/web\/marunica-reportaje-a-una-pintora-espanola\/\" class=\"tpg-post-link\" target=\"_self\">Ver detalles<\/a>                <\/div>\n            <\/div>\n        <\/div>\n        \t\t<\/div>\n\t<\/div>\n<\/div>\n\n<div class=\"rt-col-md-4 rt-col-sm-6 rt-col-xs-12 default rt-grid-item\" data-id=\"4133\">\n\t<div class=\"rt-holder tpg-post-holder \">\n\t\t<div class=\"rt-detail rt-el-content-wrapper\">\n\t\t\t\t\t\t\t<div class=\"rt-img-holder tpg-el-image-wrap has-thumbnail\">\n\t\t\t\t\t<a data-id=\"4133\" href=\"https:\/\/apdea.com.ar\/web\/palabras-encadenadas\/\" class=\"tpg-post-link\" target=\"_self\">                        <img loading=\"lazy\" decoding=\"async\" src=\"https:\/\/apdea.com.ar\/web\/wp-content\/uploads\/2025\/09\/PALABRAS-ENCADENADAS-890x468_DSC0431-2-300x300.jpg\"\n                             class=\"rt-img-responsive\"\n                             width=\"300\"\n                             height=\"300\"\n                             alt=\"Palabras Encadenadas\">\n                        \n                            \n        <\/a>\n                <div class=\"overlay grid-hover-content\"><\/div>\n        \t\t\t\t<\/div>\n\t\t\t\n\n\t\t\t<div class=\"entry-title-wrapper\"><h3 class=\"entry-title\"><a data-id=\"4133\" href=\"https:\/\/apdea.com.ar\/web\/palabras-encadenadas\/\" class=\"tpg-post-link\" target=\"_self\">Palabras Encadenadas<\/a><\/h3><\/div>\n\t\t\t\n\t\t\t\t\t\t\t<div class=\"tpg-excerpt tpg-el-excerpt\">\n\t\t\t\t\t\t\t\t\t\t\t<div class=\"tpg-excerpt-inner\">\n\t\t\t\t\t\t\tLa verdad es falsificable. Los l\u00edmites se vuelven difusos. La m\u00e1scara se vuelve realidad. Locura y&#8230;\t\t\t\t\t\t<\/div>\n\t\t\t\t\t\t\t\t\t\t\t\t\t\t<\/div>\n\t\t\t\n\t\t\t        <div class=\"post-footer\">\n            <div class=\"post-footer\">\n                <div class=\"read-more\">\n                    <a data-id=\"4133\" href=\"https:\/\/apdea.com.ar\/web\/palabras-encadenadas\/\" class=\"tpg-post-link\" target=\"_self\">Ver detalles<\/a>                <\/div>\n            <\/div>\n        <\/div>\n        \t\t<\/div>\n\t<\/div>\n<\/div>\n\n<div class=\"rt-col-md-4 rt-col-sm-6 rt-col-xs-12 default rt-grid-item\" data-id=\"4124\">\n\t<div class=\"rt-holder tpg-post-holder \">\n\t\t<div class=\"rt-detail rt-el-content-wrapper\">\n\t\t\t\t\t\t\t<div class=\"rt-img-holder tpg-el-image-wrap has-thumbnail\">\n\t\t\t\t\t<a data-id=\"4124\" href=\"https:\/\/apdea.com.ar\/web\/dos-cossas-nuestras\/\" class=\"tpg-post-link\" target=\"_self\">                        <img loading=\"lazy\" decoding=\"async\" src=\"https:\/\/apdea.com.ar\/web\/wp-content\/uploads\/2025\/08\/2cosasnuestras-300x300.png\"\n                             class=\"rt-img-responsive\"\n                             width=\"300\"\n                             height=\"300\"\n                             alt=\"Dos COSSAs nuestras\">\n                        \n                            \n        <\/a>\n                <div class=\"overlay grid-hover-content\"><\/div>\n        \t\t\t\t<\/div>\n\t\t\t\n\n\t\t\t<div class=\"entry-title-wrapper\"><h3 class=\"entry-title\"><a data-id=\"4124\" href=\"https:\/\/apdea.com.ar\/web\/dos-cossas-nuestras\/\" class=\"tpg-post-link\" target=\"_self\">Dos COSSAs nuestras<\/a><\/h3><\/div>\n\t\t\t\n\t\t\t\t\t\t\t<div class=\"tpg-excerpt tpg-el-excerpt\">\n\t\t\t\t\t\t\t\t\t\t\t<div class=\"tpg-excerpt-inner\">\n\t\t\t\t\t\t\tDos obras de Tito Cossa. Dos etapas.Una misma identidad. \u201cDos COSSAs nuestras\u201d, es un espect\u00e1culo&#8230;\t\t\t\t\t\t<\/div>\n\t\t\t\t\t\t\t\t\t\t\t\t\t\t<\/div>\n\t\t\t\n\t\t\t        <div class=\"post-footer\">\n            <div class=\"post-footer\">\n                <div class=\"read-more\">\n                    <a data-id=\"4124\" href=\"https:\/\/apdea.com.ar\/web\/dos-cossas-nuestras\/\" class=\"tpg-post-link\" target=\"_self\">Ver detalles<\/a>                <\/div>\n            <\/div>\n        <\/div>\n        \t\t<\/div>\n\t<\/div>\n<\/div>\n                <\/div>\n\n\t\t\t\t\n            <\/div>\n        <\/div>\n\t\t\n\n\n<hr class=\"wp-block-separator has-alpha-channel-opacity is-style-wide\"\/>\n\n\n\n<p class=\"has-text-align-center has-background has-small-font-size\" style=\"background-color:#f8c399\"><strong>Requisitos para incluir un espect\u00e1culo en nuestra cartelera:<\/strong><\/p>\n\n\n\n<p class=\"has-text-align-center has-background has-small-font-size\" style=\"background-color:#f8c399\"><strong><br>1) Ser una persona asociada a APDEA<br>2) Enviar los siguientes datos (T\u00edtulo, horario de funciones, sala, valor de la entrada,<\/strong><br><strong>nombre de quien est\u00e9 a cargo de la direcci\u00f3n esc\u00e9nica <\/strong><br><strong>y una foto \/ flyer cuadrado en formato .jpg o .png) a la cuenta<\/strong><br><strong><a href=\"mailto:cartelera@apdea.com.ar\" target=\"_blank\" rel=\"noopener\">cartelera@apdea.com.ar<\/a>\u00a0<br><br>3) Un enlace a una p\u00e1gina web que contenga los integrantes y staff completos<br><br>4) Establecer un beneficio (descuento, 2&#215;1, etc) para las personas asociadas a APDEA<\/strong><br><strong>presentado su carnet f\u00edsico o virtual en boleter\u00eda.<\/strong><\/p>\n\n\n\n<p><\/p>\n","protected":false},"excerpt":{"rendered":"<p>Requisitos para incluir un espect\u00e1culo en nuestra cartelera: 1) Ser una persona asociada a APDEA2) Enviar los siguientes datos (T\u00edtulo, horario de funciones, sala, valor de la entrada,nombre de quien est\u00e9 a cargo de la direcci\u00f3n esc\u00e9nica y una foto \/ flyer cuadrado en formato .jpg o .png) a la cuentacartelera@apdea.com.ar\u00a0 3) Un enlace a [&hellip;]<\/p>\n","protected":false},"author":5,"featured_media":0,"parent":0,"menu_order":0,"comment_status":"closed","ping_status":"closed","template":"elementor_theme","meta":{"footnotes":""},"class_list":["post-2325","page","type-page","status-publish","hentry","post"],"rttpg_featured_image_url":null,"rttpg_author":{"display_name":"Comisi\u00f3n de Comunicaci\u00f3n","author_link":"https:\/\/apdea.com.ar\/web\/author\/comision_de_comunicacion\/"},"rttpg_comment":0,"rttpg_category":null,"rttpg_excerpt":"Requisitos para incluir un espect\u00e1culo en nuestra cartelera: 1) Ser una persona asociada a APDEA2) Enviar los siguientes datos (T\u00edtulo, horario de funciones, sala, valor de la entrada,nombre de quien est\u00e9 a cargo de la direcci\u00f3n esc\u00e9nica y una foto \/ flyer cuadrado en formato .jpg o .png) a la cuentacartelera@apdea.com.ar\u00a0 3) Un enlace a&hellip;","_links":{"self":[{"href":"https:\/\/apdea.com.ar\/web\/wp-json\/wp\/v2\/pages\/2325","targetHints":{"allow":["GET"]}}],"collection":[{"href":"https:\/\/apdea.com.ar\/web\/wp-json\/wp\/v2\/pages"}],"about":[{"href":"https:\/\/apdea.com.ar\/web\/wp-json\/wp\/v2\/types\/page"}],"author":[{"embeddable":true,"href":"https:\/\/apdea.com.ar\/web\/wp-json\/wp\/v2\/users\/5"}],"replies":[{"embeddable":true,"href":"https:\/\/apdea.com.ar\/web\/wp-json\/wp\/v2\/comments?post=2325"}],"version-history":[{"count":58,"href":"https:\/\/apdea.com.ar\/web\/wp-json\/wp\/v2\/pages\/2325\/revisions"}],"predecessor-version":[{"id":4636,"href":"https:\/\/apdea.com.ar\/web\/wp-json\/wp\/v2\/pages\/2325\/revisions\/4636"}],"wp:attachment":[{"href":"https:\/\/apdea.com.ar\/web\/wp-json\/wp\/v2\/media?parent=2325"}],"curies":[{"name":"wp","href":"https:\/\/api.w.org\/{rel}","templated":true}]}}